rime factors of i?
2, 3
Let w be 231/14 + (-1)/2. Suppose 0 = 4*m + w, 16 = 4*k - 5*m + m. Suppose -v - 5 + 176 = k. List the prime factors of v.
3, 19
Let j be -3 + 3*1 + 76415/29. Suppose j = 5*a + 5*o, -7*o - 1 = -6*o. What are the prime factors of a?
2, 3, 11
Let c = 6998 + -4706. Let h = -960 + c. List the prime factors of h.
2, 3, 37
Let d(x) = -x**2 - 3*x + 25. Let o be d(0). Suppose -o*r + 26*r = 202. What are the prime factors of r?
2, 101
Let y be (-8)/18 - (-4240)/(-180). Let q = y + 36. List the prime factors of q.
2, 3
Let l = 35 - 50. Let v(z) = z**3 + 16*z**2 - 8*z - 35. What are the prime factors of v(l)?
2, 5, 31
Let d(n) = -n**3 - 12*n**2 - 11*n + 16. Let b be d(-11). Let v(q) = -2*q - 47 + 125*q**2 + 50 - b*q**2. List the prime factors of v(1).
2, 5, 11
Suppose 3*p + 181 = -7*t + 5*t, -371 = 4*t - 3*p. What are the prime factors of ((-6141)/t)/(3/20)?
5, 89
Let v be -1 + ((-11)/(-3) - (-12)/(-18)). Suppose -v*z + 342 = -298. What are the prime factors of z?
2, 5
Suppose -14*v - 12 = -12*v. List the prime factors of ((-2)/(-4))/(v/(-4464)).
2, 3, 31
Let u be 96/18*9/(-6). Let s(q) = 0 + 24*q - 159*q**2 + 173*q**2 + q**3 + 16. What are the prime factors of s(u)?
2, 13
Let i be (0 - -4)*62/(-4). Let w = -178 - i. Let q = w + 281. List the prime factors of q.
3, 5, 11
What are the prime factors of 9*(-391654)/(-837)*3/2?
6317
Let l be (-95)/(6/3 - 3). Let p = -133 - -135. Suppose -33 = -p*d + l. List the prime factors of d.
2
What are the prime factors of (-481410)/(-459) + (-6)/(-34)?
1049
Let i = -331 + 574. Let m = 245 - 86. Let n = i - m. What are the prime factors of n?
2, 3, 7
Suppose 0*l - q = 4*l - 2564, 4*q - 1296 = -2*l. What are the prime factors of ((-64)/40)/((-4)/l)?
2
Let p(i) be the third derivative of -137*i**4/24 - 34*i**3/3 - 102*i**2. List the prime factors of p(-5).
617
Let b = 278 - 468. Let l = b + 521. List the prime factors of l.
331
Suppose -5*p - 331 - 205 = -4*w, -w - 2*p = -147. Suppose -w - 109 = -2*d. List the prime factors of d.
2, 31
Let g(z) = -z**3 + 13*z**2 + 21*z - 2. Let w be g(14). Let c = w + -33. Let k = c + 1. List the prime factors of k.
2
Suppose 469 = 2*n + 5*n. Let d = 72 - n. Suppose -u + 0*u = -c + 160, -3*c + 440 = d*u. List the prime factors of c.
5, 31
Suppose 4*n - 24105 = u, -4601 = -3*n - 3*u + 13474. List the prime factors of n.
2, 23, 131
Suppose -6*k - n = -3*k - 5, -2*k + 6 = -2*n. Suppose 0 = -k*b + 7*b - 1580. List the prime factors of b.
2, 79
Let o be (-94)/(-329) - (-12)/7. Suppose -o*n - 24300 = -20*n. List the prime factors of n.
2, 3, 5
Suppose -2*s = -10*s + 56. List the prime factors of (s/(-5))/(14/(-350)).
5, 7
Let v be 2/(-2)*(12 - 15). Suppose 0 = -3*d - 3*f + 987, v*d + 8*f - 980 = 12*f. What are the prime factors of d?
2, 41
Suppose -3*k - 213 = -201, 0 = 5*t + 5*k - 9520. What are the prime factors of t?
2, 3, 53
What are the prime factors of -1 + (-2072 + 2)/(-3)?
13, 53
Let k = 6999 - 6713. List the prime factors of k.
2, 11, 13
Suppose 1114 = 2*l + 8*q - 12*q, -4*l + 4*q = -2232. List the prime factors of l.
13, 43
Suppose 3*a + 2*a - 3*h + 26 = 0, a = -3*h + 2. Let q(k) = -8*k**3 - 4*k**2 + 6*k - 5. List the prime factors of q(a).
419
Let m(z) = 9*z**3 + 33*z**2 - 11*z + 175. List the prime factors of m(14).
3, 5, 7, 11
Suppose v - 35 = -x, -x - 2*x + 5*v = -105. Suppose 0 = 5*d + 2*d - x. Suppose 3*n = -5*o + 283, -o + 5*o - 219 = d*n. List the prime factors of o.
2, 7
Suppose -11*m = -13*m + 8. Suppose 5*b = 24 + 176. Suppose 0 = -m*c + 760 + b. What are the prime factors of c?
2, 5
Let p(s) = 4*s + 55. Let c be p(-13). Suppose -m + 0*m = -4, c*z + 4*m + 245 = 0. Let g = z + 132. What are the prime factors of g?
3, 5
Let g(o) = 548*o + 6. Let r be ((-24)/(-30))/(4/(-10))*-1. List the prime factors of g(r).
2, 19, 29
Suppose 81*i - 36*i + 4725 = 0. Let q = i + 1253. List the prime factors of q.
2, 7, 41
Let t = 2603 - 1630. List the prime factors of t.
7, 139
Suppose -9*r + 32609 - 7976 = 0. Let q = r + -1578. What are the prime factors of q?
19, 61
Let j(t) = 4*t**2 + 31*t + 2742. What are the prime factors of j(-32)?
2, 37, 79
Let s = -6672 + 39745. List the prime factors of s.
33073
Let s = -24126 + 43307. List the prime factors of s.
19181
Suppose -13*k + 8*k = -40, 4*y - 155608 = 3*k. List the prime factors of y.
2, 71, 137
Suppose 36*b - 27*b - 4710708 = -67*b. What are the prime factors of b?
3, 71, 97
Let d(h) = 145*h**2 - 3*h + 4. Let l be d(3). Suppose 4*j - l = -3*t, j = t + 3*t - 1765. List the prime factors of t.
2, 5, 11
Suppose -h - r = 0, 0 = -3*h - 5*r - 4 + 2. Let i be h + 6/((-18)/(-105)). Suppose -i = -4*p + 44. What are the prime factors of p?
2, 5
Let p(g) = 132*g**2 + 3*g + 5. Suppose 0 = 2*d + 5*i + 31, -3*d - 4*i = -0*d + 29. List the prime factors of p(d).
2, 37
Suppose -r + 3*w + 7 = w, 0 = -2*r + 2*w + 14. List the prime factors of -2 + r + -5 - (3 - 770).
13, 59
Let d(m) = 139*m**2 - 29*m - 333. What are the prime factors of d(-8)?
5, 1759
Let a(j) = -10*j - 7. Suppose 28 = 3*n + 4*c, -c + 6*c - 8 = 3*n. Suppose 5*d + 4*x = -32, 0 = -n*d + 5*d - 4*x + 16. What are the prime factors of a(d)?
73
Let u(d) = -11*d + 50 - d + 5 - 10. Let q be u(16). Let c = q + 338. What are the prime factors of c?
191
Let f = 6657 + -5873. List the prime factors of f.
2, 7
Let u(w) = 7*w**2 - 14*w + 62. Let q be u(6). Let z = 438 - q. What are the prime factors of z?
2, 13
Let x = -1 - 0. Let h = x - -4. Suppose h*p - 297 = -0*p. What are the prime factors of p?
3, 11
Suppose 0 = 5*r + 5, 37*w + 4*r = 39*w - 121080. List the prime factors of w.
2, 30269
Suppose 3*a + 0 = -0. Let s(f) = -2*f + 300. Let r be s(a). Suppose -5*b = -4*h - 2*b + r, 0 = 5*h + 3*b - 348. What are the prime factors of h?
2, 3
List the prime factors of (-10 + 441/36)*2396.
3, 599
Let m(v) = 17*v + 17. Let s(f) = f + 17. Let g be s(-6). Let i be m(g). Suppose -i + 779 = 4*r + t, -3*t + 9 = 0. What are the prime factors of r?
11, 13
Let y(n) = 229*n**2 - 72*n + 417. What are the prime factors of y(15)?
2, 3, 7, 173
Let d(f) = -3*f**2 - 375*f - 111. What are the prime factors of d(-54)?
3, 3797
Suppose -3*u - 5*b + 117 = -0*b, 4*b = u - 39. Let o = 1196 + u. List the prime factors of o.
5, 13, 19
Let o(l) = l**3 - 7*l**2 - 58*l - 29. Let u be o(12). Let a(y) = 3*y**2 - y**2 - 2*y - y**2 - 10. What are the prime factors of a(u)?
5
Let p(u) = 69*u**2 + 3*u + 3. Let s be p(-1). Suppose 0 = -5*z + s + 66. Let w = z - -51. List the prime factors of w.
2, 3, 13
Let p(i) = -i - 2. Let l(d) = 3*d + 31. Let w(h) = l(h) + 2*p(h). What are the prime factors of w(-21)?
2, 3
Let r = 2413 - 1670. Suppose -2*u + 3*m = -6*u + r, m - 1 = 0. Suppose 5*l - 15 = 0, s + 34 = -4*l + u. What are the prime factors of s?
139
Let j(c) = -7*c**2 - 4*c - 4. Let y be j(4). Suppose -90 = 6*w - 1518. Let f = w + y. List the prime factors of f.
2, 53
Let p(j) = 14*j**2 + 5*j + 31. Let h(s) = 13*s**2 + 5*s + 31. Let u(m) = 7*h(m) - 6*p(m). What are the prime factors of u(-6)?
11, 23
Suppose 40 = 5*i + 4*n, -5*i + i = -4*n + 4. Suppose w + 17 = i*y, -w - 12 = w + 3*y. Let f(z) = -z**3 - 8*z**2 + 8*z - 1. List the prime factors of f(w).
2
Suppose -36827 = -4*y - 6*c + 9*c, -5*y + 7*c + 46050 = 0. List the prime factors of y.
9203
Suppose 0 = -4*d + 2*r + 26, -5*d + 7 + 12 = 2*r. Let n(t) = 3*t**2 + 27*t + 8. What are the prime factors of n(d)?
2, 109
Let b = 362 + -350. Suppose b*w = 7*w + 3295. List the prime factors of w.
659
List the prime factors of 4/(-18) + (-1202696)/(-198).
2, 3037
Let w be (-6)/3 - (-5)/(15/(-3)). Let b be w + 6 + -2 - -3. Suppose -b*u - 428 = -3*d, -4*u + 87 + 77 = d. List the prime factors of d.
2, 37
Let w = 331 - 326. Let g(c) = 6*c**3 - 2*c**2 + 15*c - 19. List the prime factors of g(w).
2, 3, 7
Let f(g) be the second derivative of -19*g**3/6 + 65*g**2 - 4*g + 10. What are the prime factors of f(-35)?
3, 5, 53
Let k = 2731 - 67. What are the prime factors of k?
2, 3, 37
Let x = 456 - 407. Let s = x + 80. List the prime factors of s.
3, 43
What are the prime factors of 5 + (-48)/(-312) + (-213638)/(-26)?
2, 4111
Let x(v) = -7*v**3 - 22*v**2 - 28*v + 49. Let c(r) = 6*r**3 + 22*r**2 + 26*r - 48. Let b(y) = -6*c(y) - 5*x(y). What are the prime factors of b(-22)?
5, 79
Let m 